c1
-9bb (base 16) to base 14
-c9d
1000000010 (base 2) to base 16
202
What is 2344 (base 11) in base 12?
1941
What is 1110011000111110 (base 2) in base 3?
2222212001
326 (base 15) to base 11
597
What is 224110 (base 5) in base 9?
12012
What is b2b0 (base 13) in base 7?
131601
-10010011010011 (base 2) to base 3
-110221011
251 (base 16) to base 8
1121
What is -11210202 (base 3) in base 12?
-203b
325433 (base 6) to base 3
1101021010
What is 3cb6 (base 15) in base 10?
12996
What is -100010001011001 (base 2) in base 11?
-12167
-67414 (base 10) to base 11
-46716
Convert 13320 (base 4) to base 13.
2ca
What is -509 (base 10) in base 6?
-2205
-54a (base 11) to base 4
-22103
-334 (base 14) to base 15
-2c4
-1221010221 (base 3) to base 16
-947e
What is -2298a (base 12) in base 3?
-2100112221
What is -1b85 (base 15) in base 16?
-1757
Convert 6626 (base 11) to base 2.
10001000100100
-244 (base 11) to base 7
-563
125 (base 9) to base 14
76
-7177 (base 9) to base 2
-1010010000110
What is 1220 (base 6) in base 7?
606
What is -19b (base 14) in base 6?
-1313
What is -8b29 (base 12) in base 14?
-58ad
Convert 1a6 (base 15) to base 6.
1433
What is -2337 (base 11) in base 2?
-101111111001
349 (base 16) to base 12
5a1
Convert 111221 (base 3) to base 15.
1a1
-24555 (base 6) to base 11
-2838
Convert -1203 (base 11) to base 4.
-120220
1dc (base 15) to base 10
432
What is -110110001111100 (base 2) in base 12?
-140a4
-14b75 (base 12) to base 10
-29321
What is 761 (base 9) in base 3?
212001
Convert -47420 (base 8) to base 13.
-929c
Convert d2d (base 15) to base 12.
1874
Convert 2021100 (base 3) to base 9.
2240
What is -1002201010 (base 3) in base 6?
-244133
Convert -1304 (base 6) to base 2.
-101001000
Convert -221201 (base 7) to base 15.
-b7a8
-1121102 (base 3) to base 11
-976
-450 (base 7) to base 9
-276
Convert 111010 (base 3) to base 7.
1014
Convert 1b34 (base 13) to base 3.
12121211
Convert -10000001 (base 2) to base 12.
-a9
-4e8 (base 16) to base 7
-3443
What is -324 (base 12) in base 5?
-3320
What is -15d9 (base 16) in base 5?
-134333
224654 (base 7) to base 2
1001110010111001
Convert -1952 (base 16) to base 15.
-1dc2
-4331 (base 6) to base 7
-2614
-11110111010 (base 2) to base 8
-3672
Convert 1876 (base 11) to base 2.
100101001110
Convert -3525 (base 6) to base 13.
-500
What is -43250 (base 9) in base 7?
-146331
Convert 16542 (base 7) to base 3.
20111100
1440 (base 14) to base 4
320000
What is 101011111111 (base 2) in base 8?
5377
What is -1046 (base 14) in base 5?
-42211
Convert -60a (base 11) to base 9.
-1007
22433 (base 6) to base 5
100224
-309 (base 12) to base 7
-1200
Convert 100101001000010 (base 2) to base 12.
b002
What is -200044 (base 5) in base 9?
-8541
-538 (base 15) to base 9
-1548
Convert -258 (base 11) to base 8.
-461
Convert 2101 (base 3) to base 16.
40
Convert -8075 (base 9) to base 7.
-23126
What is -12c (base 14) in base 2?
-11101100
-473 (base 8) to base 16
-13b
Convert -4b30 (base 12) to base 8.
-20524
24b (base 15) to base 11
434
What is 100001000111000 (base 2) in base 12?
9988
Convert 12112110 (base 3) to base 8.
7703
Convert -1413 (base 12) to base 4.
-210033
Convert -3450 (base 12) to base 15.
-1ad0
-224 (base 14) to base 15
-1d4
562 (base 13) to base 9
1237
70f (base 16) to base 14
931
-4377 (base 13) to base 15
-2bb3
6053 (base 7) to base 16
830
205233 (base 6) to base 2
100000101010101
-2222112 (base 3) to base 7
-6224
What is -100210000 (base 3) in base 14?
-2852
-1565 (base 11) to base 3
-2202100
Convert -63a (base 12) to base 7.
-2440
25242 (base 7) to base 3
100010010
Convert 274 (base 8) to base 16.
bc
What is -a5 (base 13) in base 5?
-1020
132151 (base 6) to base 13
56c8
What is -11d (base 15) in base 14?
-141
-a1c (base 13) to base 8
-3263
-14ff (base 16) to base 15
-18d5
Convert 70b (base 12) to base 16.
3fb
What is -20430 (base 5) in base 11?
-1031
Convert 11110001011100 (base 2) to base 11.
10678
Convert -81243 (base 9) to base 2.
-1101000010101010
1720 (base 15) to base 11
3818
Convert 10001032 (base 4) to base 3.
211120201
Convert -24be (base 16) to base 6.
-111314
Convert 2027 (base 11) to base 5.
41231
Convert -11210020 (base 3) to base 14.
-13b3
What is 6042 (base 11) in base 2?
1111101100000
What is -2212011220 (base 3) in base 13?
-1c7c1
What is 26321 (base 10) in base 7?
136511
What is -16623 (base 7) in base 10?
-4770
-9935 (base 10) to base 13
-46a3
-222 (base 3) to base 5
-101
What is 1143 (base 6) in base 4?
10113
Convert 12231 (base 5) to base 12.
665
What is -25142 (base 8) in base 15?
-3335
-217 (base 13) to base 7
-1021
24673 (base 8) to base 16
29bb
Convert 230331 (base 5) to base 8.
20030
What is 334212 (base 5) in base 9?
17168
Convert -103123 (base 4) to base 3.
-1201001
What is c451 (base 13) in base 16?
69e2
2454 (base 7) to base 14
49b
Convert -642 (base 13) to base 10.
-1068
Convert 12750 (base 11) to base 3.
220222021
What is 13111 (base 4) in base 2?
111010101
What is 22002 (base 6) in base 2?
101111010010
What is -11313 (base 4) in base 14?
-1cb
What is -1b785 (base 12) in base 15?
-c188
33331 (base 7) to base 14
30c1
What is 2181 (base 15) in base 10?
7096
What is 10111011220 (base 3) in base 12?
33896
What is 2721 (base 11) in base 8?
6714
Convert 1111111 (base 3) to base 9.
1444
-333551 (base 7) to base 5
-3341214
Convert a914 (base 11) to base 4.
3201032
Convert -b308 (base 15) to base 9.
-56768
What is 13130 (base 5) in base 7?
3014
What is -132052 (base 6) in base 16?
-2f60
Convert 112011 (base 3) to base 9.
464
Convert -16450 (base 7) to base 2.
-1001001010010
Convert -423 (base 6) to base 5.
-1114
What is -123322 (base 6) in base 8?
-25602
3d3a (base 16) to base 2
11110100111010
Convert 8626 (base 15) to base 8.
67342
Convert 1131 (base 5) to base 11.
141
What is 2232110 (base 5) in base 11?
27880
-7ca2 (base 14) to base 2
-101010011000110
-16797 (base 11) to base 9
-35310
Convert -9308 (base 13) to base 7.
-113102
What is -6a60 (base 15) in base 2?
-101100000111110
Convert 10211100 (base 4) to base 5.
1100033
Convert -8024 (base 10) to base 5.
-224044
Convert 12122201 (base 3) to base 11.
3109
Convert -222201 (base 5) to base 13.
-3721
What is -364a (base 11) in base 3?
-20112210
What is -1456 (base 8) in base 13?
-4a8
-579 (base 11) to base 12
-497
Convert 100412 (base 6) to base 11.
5a58
Convert 25737 (base 8) to base 2.
10101111011111
What is -6840 (base 11) in base 10?
-8998
What is 112c (base 15) in base 13?
1872
What is -1a9 (base 14) in base 5?
-2340
What is -36727 (base 9) in base 12?
-12321
1b9 (base 16) to base 2
110111001
217 (base 15) to base 2
111011000
What is 34406 (base 7) in base 11?
665a
Convert 23332012 (base 4) to base 12.
2445a
What is 10112021 (base 3) in base 7?
10333
-106 (base 13) to base 2
-10101111
3325 (base 6) to base 13
476
Convert -348 (base 15) to base 10.
-743
Convert 130e (base 15) to base 4.
333200
13321 (base 4) to base 6
2201
1041 (base 6) to base 4
3301
-1b0 (base 15) to base 16
-186
Convert 11303030 (base 4) to base 7.
126155
What is 132313 (base 4) in base 13?
b8c
What is 300 (base 7) in base 4?
2103
-111100011101 (base 2) to base 16
-f1d
Convert -100424 (base 6) to base 10.
-7936
What is 3d5a (base 14) in base 16?
2a6c
Convert 772 (base 8) to base 11.
420
-2a80a (base 11) to base 12
-2126a
What is 4137 (base 9) in base 5?
44111
Convert 181 (base 11) to base 5.
1320
What is -321001 (base 4) in base 9?
-5004
Convert 18684 (base 9) to base 8.
31233
What is 544 (base 7) in base 8?
425
Convert -255043 (base 6) to base 2.
-101101001100011
What is -22203001 (base 4) in base 7?
-236644
What is 3402 (base 6) in base 2?
1100011010
Convert 77341 (base 8) to base 13.
11a27
What is 430012 (base 5) in base 13?
6714
Convert -10025 (base 10) to base 8.
-23451
What is 57e (base 16) in base 4?
111332
What is -429 (base 11) in base 4?
-20003
Convert 132 (base 10) to base 8.
204
What is 356 (base 14) in base 4?
22120
-100001100100 (base 2) to base 10
-2148
-4a439 (base 11) to base 14
-1c556
Convert -30011 (base 6) to base 4.
-330313
923 (base 13) to base 16
60e
-1182 (base 9) to base 14
-472
4a95 (base 13) to base 11
7a67
Convert -2007 (base 8) to base 4.
-100013
-3656 (base 7) to base 2
-10101010100
What is -2cd1 (base 14) in base 9?
-12004
-10110100000 (base 2) to ba